{"id":187,"date":"2023-07-13T10:46:36","date_gmt":"2023-07-13T08:46:36","guid":{"rendered":"https:\/\/mittelalter.kaleidoskopia.org\/?page_id=187"},"modified":"2024-07-02T16:01:25","modified_gmt":"2024-07-02T14:01:25","slug":"programm","status":"publish","type":"page","link":"https:\/\/www.mittelalter-siersburg.de\/?page_id=187","title":{"rendered":"Programm"},"content":{"rendered":"\n<div class=\"wp-block-columns is-layout-flex wp-container-core-columns-is-layout-28f84493 wp-block-columns-is-layout-flex\">\n<div class=\"wp-block-column is-layout-flow wp-block-column-is-layout-flow\">\n<h2 class=\"wp-block-heading\"><strong>Samstag, 27.07.: Erster Markttag<\/strong><\/h2>\n\n\n\n<p style=\"font-size:clamp(0.984rem, 0.984rem + ((1vw - 0.2rem) * 0.938), 1.5rem);\">11:00 \u2013 Einlass &amp; Marktschlendern<\/p>\n\n\n\n<p style=\"font-size:clamp(0.984rem, 0.984rem + ((1vw - 0.2rem) * 0.938), 1.5rem);\">12:00 \u2013 &nbsp;Musik mit Schabernack<\/p>\n\n\n\n<p style=\"font-size:clamp(0.984rem, 0.984rem + ((1vw - 0.2rem) * 0.938), 1.5rem);\">12:30&nbsp; \u2013 &nbsp;Gaukeley mit Micha Mangiafuoco<\/p>\n\n\n\n<p style=\"font-size:clamp(0.984rem, 0.984rem + ((1vw - 0.2rem) * 0.938), 1.5rem);\">13:00 \u2013 Markter\u00f6ffnung durch Marktherold und Einzug mit Spilldeyvel<\/p>\n\n\n\n<p style=\"font-size:clamp(0.984rem, 0.984rem + ((1vw - 0.2rem) * 0.938), 1.5rem);\">13:30 \u2013 Zaubershow mit Kalibo<\/p>\n\n\n\n<p style=\"font-size:clamp(0.984rem, 0.984rem + ((1vw - 0.2rem) * 0.938), 1.5rem);\">14:00 \u2013 Tanzshow mit Anima Serpentis<\/p>\n\n\n\n<p style=\"font-size:clamp(0.984rem, 0.984rem + ((1vw - 0.2rem) * 0.938), 1.5rem);\">14:30 \u2013 &nbsp;&nbsp;Gaukeley mit Micha Mangiafuoco<\/p>\n\n\n\n<p style=\"font-size:clamp(0.984rem, 0.984rem + ((1vw - 0.2rem) * 0.938), 1.5rem);\">15:00 \u2013 &nbsp;Des Vogtes Urteil<\/p>\n\n\n\n<p style=\"font-size:clamp(0.984rem, 0.984rem + ((1vw - 0.2rem) * 0.938), 1.5rem);\">15:30 \u2013 &nbsp;Zaubershow mit Kalibo<\/p>\n\n\n\n<p style=\"font-size:clamp(0.984rem, 0.984rem + ((1vw - 0.2rem) * 0.938), 1.5rem);\">16:00 \u2013&nbsp; Musik mit Spilldeyvel<\/p>\n\n\n\n<p style=\"font-size:clamp(0.984rem, 0.984rem + ((1vw - 0.2rem) * 0.938), 1.5rem);\">16:30 \u2013&nbsp; Tanzshow mit Anima Serpentis<\/p>\n\n\n\n<p style=\"font-size:clamp(0.984rem, 0.984rem + ((1vw - 0.2rem) * 0.938), 1.5rem);\">17:00&nbsp; \u2013&nbsp; Kr\u00f6nung von Zwapfelk\u00f6nig &amp; K\u00f6nigin &amp; Mittelalter Speeddating<\/p>\n\n\n\n<p style=\"font-size:clamp(0.984rem, 0.984rem + ((1vw - 0.2rem) * 0.938), 1.5rem);\">17:30 \u2013&nbsp; &nbsp;Zaubershow mit Kalibo<\/p>\n\n\n\n<p style=\"font-size:clamp(0.984rem, 0.984rem + ((1vw - 0.2rem) * 0.938), 1.5rem);\">18:00 \u2013 Konzert mit Amarok Avari<\/p>\n\n\n\n<p style=\"font-size:clamp(0.984rem, 0.984rem + ((1vw - 0.2rem) * 0.938), 1.5rem);\">20:00 \u2013&nbsp; Gaukeley mit Micha Mangiafuoco<\/p>\n\n\n\n<p style=\"font-size:clamp(0.984rem, 0.984rem + ((1vw - 0.2rem) * 0.938), 1.5rem);\">20:30 \u2013 Konzert mit Spilldeyvel<\/p>\n\n\n\n<p style=\"font-size:clamp(0.984rem, 0.984rem + ((1vw - 0.2rem) * 0.938), 1.5rem);\">22:00 \u2013 Feuershow mit Feuerspiel<\/p>\n\n\n\n<p style=\"font-size:clamp(0.984rem, 0.984rem + ((1vw - 0.2rem) * 0.938), 1.5rem);\">22:30 \u2013 Tanzshow mit Anima Serpentis<\/p>\n\n\n\n<p style=\"font-size:2px\">23:00 \u2013 Ende der Veranstaltung<\/p>\n<\/div>\n\n\n\n<div class=\"wp-block-column is-layout-flow wp-block-column-is-layout-flow\" style=\"flex-basis:50px\"><\/div>\n\n\n\n<div class=\"wp-block-column is-layout-flow wp-block-column-is-layout-flow\">\n<h2 class=\"wp-block-heading\"><strong>Sonntag, 28.07.: Zweiter Markttag<\/strong><\/h2>\n\n\n\n<p style=\"font-size:clamp(0.984rem, 0.984rem + ((1vw - 0.2rem) * 0.938), 1.5rem);\">11:00 \u2013 Einlass &amp; Marktschlendern<\/p>\n\n\n\n<p style=\"font-size:clamp(0.984rem, 0.984rem + ((1vw - 0.2rem) * 0.938), 1.5rem);\">11:30 \u2013 &nbsp;Musik mit Schabernack<\/p>\n\n\n\n<p style=\"font-size:clamp(0.984rem, 0.984rem + ((1vw - 0.2rem) * 0.938), 1.5rem);\">12:00&nbsp; \u2013 &nbsp;Gaukeley mit Micha Mangiafuoco<\/p>\n\n\n\n<p style=\"font-size:clamp(0.984rem, 0.984rem + ((1vw - 0.2rem) * 0.938), 1.5rem);\">12:30 \u2013 Tanzshow mit Anima Serpentis<\/p>\n\n\n\n<p style=\"font-size:clamp(0.984rem, 0.984rem + ((1vw - 0.2rem) * 0.938), 1.5rem);\">13:00 \u2013 Einzug Marktvolk mit Marktherold und Spilldeyvel<\/p>\n\n\n\n<p style=\"font-size:clamp(0.984rem, 0.984rem + ((1vw - 0.2rem) * 0.938), 1.5rem);\">13:30 \u2013 Zaubershow mit Kalibo<\/p>\n\n\n\n<p style=\"font-size:clamp(0.984rem, 0.984rem + ((1vw - 0.2rem) * 0.938), 1.5rem);\">14:00 \u2013 Tanzshow mit Anima Serpentis<\/p>\n\n\n\n<p style=\"font-size:clamp(0.984rem, 0.984rem + ((1vw - 0.2rem) * 0.938), 1.5rem);\">14:30 \u2013 Gaukeley mit Micha Mangiafuoco<\/p>\n\n\n\n<p style=\"font-size:clamp(0.984rem, 0.984rem + ((1vw - 0.2rem) * 0.938), 1.5rem);\">15:00 \u2013 &nbsp;Musik mit Spilldeyvel<\/p>\n\n\n\n<p style=\"font-size:clamp(0.984rem, 0.984rem + ((1vw - 0.2rem) * 0.938), 1.5rem);\">15:30 \u2013&nbsp; Zaubershow mit Kalibo<\/p>\n\n\n\n<p style=\"font-size:clamp(0.984rem, 0.984rem + ((1vw - 0.2rem) * 0.938), 1.5rem);\">16:00 \u2013&nbsp; Tanzshow mit Anima Serpentis<\/p>\n\n\n\n<p style=\"font-size:clamp(0.984rem, 0.984rem + ((1vw - 0.2rem) * 0.938), 1.5rem);\">16:30 \u2013&nbsp; Gaukeley mit Micha Mangiafuoco<\/p>\n\n\n\n<p style=\"font-size:clamp(0.984rem, 0.984rem + ((1vw - 0.2rem) * 0.938), 1.5rem);\">17:00&nbsp; \u2013&nbsp; Kr\u00f6nung von Zwapfelk\u00f6nig &amp; K\u00f6nigin + Mittelalter-Speeddating<\/p>\n\n\n\n<p style=\"font-size:clamp(0.984rem, 0.984rem + ((1vw - 0.2rem) * 0.938), 1.5rem);\">17:30 \u2013&nbsp;&nbsp; Konzert mit Amarok Avari<\/p>\n\n\n\n<p style=\"font-size:clamp(0.984rem, 0.984rem + ((1vw - 0.2rem) * 0.938), 1.5rem);\">19:00 \u2013&nbsp; Tavernenspiel mit Spilldeyvel und Anima Serpentis<\/p>\n\n\n\n<p style=\"font-size:clamp(0.984rem, 0.984rem + ((1vw - 0.2rem) * 0.938), 1.5rem);\">20:00 \u2013 Ende der Veranstaltung<\/p>\n<\/div>\n<\/div>\n","protected":false},"excerpt":{"rendered":"<p>Samstag, 27.07.: Erster Markttag 11:00 \u2013 Einlass &amp; Marktschlendern 12:00 \u2013 &nbsp;Musik mit Schabernack 12:30&nbsp; \u2013 &nbsp;Gaukeley mit Micha Mangiafuoco 13:00 \u2013 Markter\u00f6ffnung durch Marktherold und Einzug mit Spilldeyvel 13:30 \u2013 Zaubershow mit Kalibo 14:00 \u2013 Tanzshow mit Anima Serpentis 14:30 \u2013 &nbsp;&nbsp;Gaukeley mit Micha Mangiafuoco 15:00 \u2013 &nbsp;Des Vogtes Urteil 15:30 \u2013 &nbsp;Zaubershow mit [&hellip;]<\/p>\n","protected":false},"author":1,"featured_media":0,"parent":0,"menu_order":0,"comment_status":"closed","ping_status":"closed","template":"","meta":{"footnotes":""},"class_list":["post-187","page","type-page","status-publish","hentry"],"_links":{"self":[{"href":"https:\/\/www.mittelalter-siersburg.de\/index.php?rest_route=\/wp\/v2\/pages\/187","targetHints":{"allow":["GET"]}}],"collection":[{"href":"https:\/\/www.mittelalter-siersburg.de\/index.php?rest_route=\/wp\/v2\/pages"}],"about":[{"href":"https:\/\/www.mittelalter-siersburg.de\/index.php?rest_route=\/wp\/v2\/types\/page"}],"author":[{"embeddable":true,"href":"https:\/\/www.mittelalter-siersburg.de\/index.php?rest_route=\/wp\/v2\/users\/1"}],"replies":[{"embeddable":true,"href":"https:\/\/www.mittelalter-siersburg.de\/index.php?rest_route=%2Fwp%2Fv2%2Fcomments&post=187"}],"version-history":[{"count":4,"href":"https:\/\/www.mittelalter-siersburg.de\/index.php?rest_route=\/wp\/v2\/pages\/187\/revisions"}],"predecessor-version":[{"id":350,"href":"https:\/\/www.mittelalter-siersburg.de\/index.php?rest_route=\/wp\/v2\/pages\/187\/revisions\/350"}],"wp:attachment":[{"href":"https:\/\/www.mittelalter-siersburg.de\/index.php?rest_route=%2Fwp%2Fv2%2Fmedia&parent=187"}],"curies":[{"name":"wp","href":"https:\/\/api.w.org\/{rel}","templated":true}]}}